w + 2*n, 0 = -w + 2*n + 22. What is the units digit of w?
6
Let s be ((-10)/(-25))/((-2)/(-130)). Suppose 0*j - s = 2*j. Let c = -8 - j. What is the units digit of c?
5
Let v = 5 + 0. Let d(p) be the third derivative of p**6/120 - p**5/15 - 5*p**4/24 + p**3/6 - 2*p**2. What is the units digit of d(v)?
1
Let a(v) be the second derivative of v**3/3 + v**2 - v. What is the tens digit of a(5)?
1
Let b(k) be the first derivative of k**4/4 + 8*k**3/3 + 5*k**2/2 + 2*k + 3. Let v be b(-7). Suppose 4*a - v = 32. What is the units digit of a?
2
Let t be 3/6*0 - -2. Suppose 0 = u - t*u + 4. Suppose 0*b - b = h - 5, -16 = -u*h - 5*b. What is the units digit of h?
9
Suppose 4*i = 3*l - 30, 0*l + 50 = 4*l - 2*i. What is the tens digit of l?
1
Let a be -2*3*3/18. What is the tens digit of (-2)/(-2) + (-10)/a?
1
Let s = -54 + 64. What is the tens digit of s?
1
Suppose 228 = 5*w + 68. What is the tens digit of w?
3
Let q(d) = -d**3 - 6*d**2 - 4*d + 7. Let j be q(-5). Suppose k + 3*l = j, -l = k - 0*l. Let t = k - -3. What is the units digit of t?
2
Let t = 42 + -30. What is the units digit of t?
2
Let w = -41 - -70. What is the units digit of w?
9
Let z(p) = 5 + 3 - 2 + p. Let g be ((-3)/1)/3 - -1. What is the units digit of z(g)?
6
Suppose 4*h - 7 = 1. Let r be (h - 0/(-3)) + 0. Suppose c + 2*i = 5, -r*c = 5*i - 0*i - 9. What is the units digit of c?
7
Let j = -361 - -558. What is the units digit of j?
7
Let a(k) = -8*k**3 - 1. Let p be a(-1). Suppose 1 = 3*s + p. Let f = s - -7. What is the units digit of f?
5
Let b = 7 + -5. Suppose -b = 2*n - 8. Suppose c = -2*c - 2*k + 19, c - n*k + 1 = 0. What is the units digit of c?
5
Let l(f) = 9*f - 1. Let j(d) = -d**3 - 7*d**2 - 6*d + 3. Let g be j(-6). What is the units digit of l(g)?
6
Let v(q) = -4*q + 14. Let z(p) = 49*p - 168. Let o(u) = -35*v(u) - 3*z(u). Let h(r) = -r + 1. Let b(i) = 5*h(i) - o(i). What is the units digit of b(6)?
3
Suppose -w + 2*k + 141 + 85 = 0, w + 5*k - 212 = 0. What is the hundreds digit of w?
2
Let w be (-5 - -4)*(-32 + 1). Suppose -w - 59 = -5*t. What is the tens digit of t?
1
Let i(y) = y**2 + 4*y. Suppose t - 9 = -4*b, 3*t + 6 = -2*b + 3. Let c be i(t). What is the tens digit of c + (2 - (0 - 12))?
1
Let l be 4 + 0 - (0 - 2). Let h be 16/l*(-3)/(-4). Suppose -o - 4*o - y = -53, h*y + 44 = 5*o. What is the units digit of o?
0
Suppose 3*m = 3*a - 2*m + 3, 2*a - 11 = -m. Suppose 3*y - 41 = -2*y + 3*v, -a*y = 5*v - 55. What is the units digit of y?
0
Suppose -n + 2*n - 10 = -4*a, -4*a - 20 = -2*n. Let s be 21/(-27) + 4/(-18). Let c = n - s. What is the units digit of c?
1
Suppose 0*h - 3*h - b = 0, 3*h = 3*b. Let v(a) = a + 20. Let r be v(-16). Suppose 0 = -h*n - n + r. What is the units digit of n?
4
Let t(q) = 7*q**2 + 8*q + 12. What is the hundreds digit of t(-5)?
1
What is the units digit of -1 - (-49 - (6 + -2))?
2
Suppose 2*u - 2*j = 3*j, 0 = 2*j. Suppose 0 = -4*h - 0 + 4. What is the units digit of (h + u + 8)/1?
9
Let t(b) = 5*b**2 + 3*b - 23. What is the units digit of t(-8)?
3
Let m(z) = 2*z**2 - 32*z - 20. What is the tens digit of m(19)?
9
Let s(z) = z**3 - 8*z**2 + 7*z + 5. Let j be s(7). Suppose -5*t = -0*c - c - 6, j*t - 63 = -2*c. What is the units digit of c?
9
Suppose -2*i + 22 = j + 2*i, -5*j + 3*i + 225 = 0. Suppose 0 = 6*k - 4*k + 2*o + 26, -4*o = k + 22. What is the units digit of k/4*j/(-5)?
1
Let m(j) = 3*j**2 + 7*j + 10. What is the units digit of m(-3)?
6
Let l be (-4)/(-16) - 10/8. Let a be -1 + (l - 2)/3. What is the tens digit of -3 + a/2 + 19?
1
Let r(a) = a**3 - 3*a**2 - 8*a. What is the tens digit of r(7)?
4
Suppose -17 = k - 4*p, -3*p - 21 = k - 8*p. What is the tens digit of k + 12 + 3/(-3)?
1
Let b(f) = -23*f**3 - 1. Let q be b(1). What is the units digit of 80/q*6/(-4)?
5
Let t = 333 - 198. Suppose t = o - 6*o. Let u = o + 41. What is the tens digit of u?
1
Let a = 15 - 4. Let y = 31 - a. What is the tens digit of y?
2
Suppose 6*g + 4 = 2*g - d, -3*d = 0. Let s be ((-4)/(-4))/(1/1). Let h = s - g. What is the units digit of h?
2
Let w(q) = -2*q + 4. Let u(z) = -z. Let l(k) = u(k) - w(k). What is the units digit of l(8)?
4
Suppose u = -0*u - 4. What is the tens digit of 10*(9/(-3) - u)?
1
Suppose -3*b + 3*k + 32 + 55 = 0, 62 = 2*b + 2*k. What is the units digit of b?
0
Let z = 2 - -9. What is the units digit of z?
1
Let f be 0/(7 - (2 + 2)). Suppose 3*a - 132 = -3*q, a - 2*q = -f*a + 50. What is the tens digit of a?
4
Let k(x) = 7*x**2 - 2*x + 2. Let p(b) = 8*b**2 - 2*b + 1. Let c(s) = -2*k(s) + 3*p(s). What is the tens digit of c(-1)?
1
Suppose 4*u + 26 = -0*l + 3*l, -5 = u. Suppose -190 = l*o - 7*o. What is the tens digit of o?
3
Suppose -6*u = -5*u - 43. What is the units digit of u?
3
Suppose -y + 3*x - 2 = 5*x, x + 1 = 0. Let i(f) = f**2 + 2*f + 12. What is the tens digit of i(y)?
1
Suppose -3*d - 4*v + 3 = 0, -4*d - 2*v + 4*v = -4. Suppose 0*c + 4 = c. Suppose -z + c = d. What is the units digit of z?
3
What is the units digit of 2*206*2/(6 - -2)?
3
Let p(a) = 12*a**2 - a + 1. What is the tens digit of p(-1)?
1
Suppose -5*x + 5*d = d - 35, -35 = -5*x - d. What is the units digit of x?
7
Suppose 3*i + p - 518 = 90, 0 = -4*i - 5*p + 829. What is the hundreds digit of i?
2
Let c(b) = b**3 + b**2 - b + 1. Let w be c(0). Suppose -5*m + 3*i = -w, 5*m + 4*i = 2 + 20. What is the units digit of m?
2
Let z = 76 + -52. Suppose -6*n + 2*n + z = 0. What is the units digit of n?
6
Let f(r) be the third derivative of r**5/60 - r**4/24 + r**3/3 - r**2. What is the units digit of f(3)?
8
Let c be (4 - 1) + 5/1. Let h(a) = a - 7. Let n be h(c). Let q(o) = 6*o**2 - o + 1. What is the units digit of q(n)?
6
Let t(z) = -z**3 + 49. Let q be t(0). Let g = -33 + q. What is the tens digit of g?
1
Suppose -73 = -2*g - 3*s, -4*g + 176 = g + s. Suppose g = 5*z - 35. What is the units digit of z?
4
Suppose -3*n - 50 = 4. What is the units digit of (2 + 0)/((-4)/n)?
9
Suppose -5*i = 5*t - 792 - 38, -4*t - 2*i + 662 = 0. What is the tens digit of t?
6
Let g = 37 - 25. What is the tens digit of g?
1
Let i(q) = q**3 + 2*q**2 - 2*q + 3. Let m be i(-3). Let r be 2*(2/4 + m). Suppose 7 + r = s. What is the units digit of s?
8
What is the tens digit of 3*(-1 - 14/(-2))?
1
Suppose -w = -2*q - 6, 5*q + 8 = 3*w - 4*w. What is the units digit of (-1 + 14)/(1/w)?
6
What is the tens digit of 9/3*(-224)/(-12)?
5
Suppose 2*a + 25 = -5*m, m - 1 = 2*a - 2*m. Let t = 8 - a. What is the units digit of t?
3
Suppose 0*m - 4*m + 4 = 0. Suppose -4*a + m = -51. What is the tens digit of a?
1
Let a = -11 + 1. Let p = 3 - a. What is the tens digit of p?
1
Let g(c) = -61*c - 38. What is the units digit of g(-6)?
8
Suppose -2*f + 5*r = -5*f + 22, -2*f - 5*r = -18. Suppose 30 = 3*w - f*c, -27 = -2*w - 0*w + 5*c. What is the units digit of w?
6
What is the tens digit of (-11)/(44/(-45)) + (-2)/8?
1
Let q = 72 + -63. Let m = -2 + -1. Let j = q + m. What is the units digit of j?
6
Let q = -3 + 21. Suppose -q = -o - 6. What is the tens digit of o?
1
Let u = -87 - -155. What is the units digit of u?
8
What is the tens digit of (66/(-4))/(6/(-8))?
2
Let z = -179 + 301. What is the units digit of z?
2
Suppose -a - 2 = 5. Let w(q) = q**2 + 2*q - 7. Let c be w(a). Suppose -4*g = 4*z - c, 1 = 3*z - 5*g + 12. What is the units digit of z?
3
Let b = 15 + 30. What is the tens digit of b?
4
Let o = 3 - 3. Let l(u) = u**2 - u + 19. What is the tens digit of l(o)?
1
Let v(w) be the third derivative of w**5/60 + w**3/2 + 3*w**2. What is the units digit of v(3)?
2
Suppose 0 = 2*o + t - 114, -2*t = o + 2*o - 171. What is the tens digit of o?
5
Suppose -2*v = 2*v + 3*h - 51, -4*v + 69 = -3*h. Suppose 0*f = -f + v. What is the units digit of f?
5
Suppose 0 = 10*b - 5*b - 1575. What is the units digit of b?
5
Let x be 250/(-4)*20/(-25). Let p = -22 + x. What is the units digit of p?
8
Let s(h) = h**3 + 24*h**2 + 14*h + 31. What is the tens digit of s(-23)?
3
Suppose -t + 23 = 5*p + 3*t, 5*t = -15. What is the units digit of p?
7
Let x be (-141)/(-21) + 2/7. Suppose -x*h + 9*h = 26. What is the tens digit of h?
1
Suppose -2*r - 3*r = -65. Let a = r - 1. What is the tens digit of a?
1
Let u(t) = 15*t**2 + 12*t - 22. What is the hundreds digit of u(4)?
2
Let f be -2 + -2 + (-2 - -3). Let d(y) = -2*y. What is the units digi